umber?
False
Let t(h) = -4*h + 1. Let s be t(-1). Let p be (2/s)/(1/10). Is (-1 - 4)*(-28)/p a prime number?
False
Is (-139426)/(-98) + (-2)/(-7) a composite number?
False
Suppose -6*l + l = -40. Let x = l + -5. Suppose d + 0 = y - 3, -x*y - d = -9. Is y a composite number?
False
Suppose 4*f - 1839 = 3*l - 215, f - 393 = 4*l. Is f composite?
False
Suppose 7*j - 726 = 12889. Is j a prime number?
False
Suppose -f - 3*z + 202 = -204, 3*f - z - 1168 = 0. Is f a composite number?
True
Let k(y) = 69*y + 36. Let s(i) = -14*i - 7. Let r(p) = -2*k(p) - 11*s(p). Let m be r(5). Suppose -5*d + 5*x = -m - 5, 3*d - x = 60. Is d prime?
False
Suppose 29*w + 6585 = 34*w. Is w composite?
True
Suppose -2*r - 8 = 0, 0 = -2*a - 0*r - 4*r - 56. Let h = 41 + a. Is h a prime number?
False
Suppose 6*y - 713 = -3*x + 2*y, 2*x - 462 = 4*y. Is x a composite number?
True
Let j = -149 - -1008. Suppose -4*b + j = 4*z + b, 0 = -5*b + 15. Is z a prime number?
True
Let w = 7 + -9. Let i = w + 4. Is (-10)/(0 + 1 - i) prime?
False
Let s(h) = -h + 10. Let n be s(7). Suppose n*x - 859 = -5*w, w + 883 = 3*x - 0*w. Is x a composite number?
False
Let t = 5555 + -2599. Let a = t - 2067. Is a a prime number?
False
Let z(o) = 14*o**3 + 6*o**2 - 2*o - 1. Is z(5) a prime number?
True
Is ((-10)/20)/((-2)/356) composite?
False
Let q(p) = 2*p**2 + 2*p - 6. Is q(4) a composite number?
True
Let c(q) = -2*q**2 - 4. Let u be c(3). Let v = u + 13. Let p(l) = -6*l - 1. Is p(v) prime?
True
Suppose -g = -3*g + 14. Let n(u) = 4*u**3 - u - 5 - 5*u**3 + 8*u**2 - 2*u. Is n(g) a prime number?
True
Let g(h) = h + 9. Let b be g(-9). Let l be 5*(b - (-4)/10). Is ((-678)/24)/(l/(-8)) a prime number?
True
Is 182 + (-1 - (-8)/2) a composite number?
True
Let d(z) be the third derivative of z**6/60 + z**5/30 + z**4/12 - z**3/2 - 2*z**2. Is d(5) a prime number?
True
Let r(x) = 65*x - 7. Let v be r(-4). Is -3*2/(18/v) a prime number?
True
Let g(x) = -7*x + 1. Let j be g(-2). Suppose -5*y = 4*w - j, -4 = 3*y + 4*w + w. Is (-2)/7 + 100/y a composite number?
True
Suppose -3*d + 70 + 366 = 4*l, 0 = -d + 5*l + 139. Let c = d - 67. Is c prime?
False
Suppose 2*z = 8*z - 870. Is z a prime number?
False
Suppose -139 - 1 = -5*x. Suppose 2*z = z + 5*p + x, 0 = 3*p - 3. Is z composite?
True
Suppose m + 2*u = 890, -m = -4*m + 2*u + 2662. Suppose m = -7*p + 3121. Is p composite?
True
Is (-2976)/(-8) + 2 + -1 a composite number?
False
Let f = -152 + 247. Is f composite?
True
Let k be 4/(-6) - (-3022)/(-3). Let s = 1709 + k. Is s a prime number?
True
Let i = 222 + -323. Let c = -64 - i. Is c a composite number?
False
Let w = 2 - -3. Suppose -w*a = -3*n - 137, -a = -4*a + n + 79. Is a composite?
True
Let j be 217 + (-3 - -3)/3. Suppose -4*w - 78 = -3*m - j, -w - 3*m + 16 = 0. Is w a prime number?
True
Let j = 661 + 882. Is j composite?
False
Suppose u + 5*d = 2*d - 8, -5*u - 21 = -4*d. Is 25 - (0 - 2 - u) a prime number?
False
Let c(s) = s**3 - 13*s**2 + 11*s + 14. Is c(13) prime?
True
Let x = -3 + 6. Suppose -x*b = -2*f + 17, 2*b + 6 = -0. Let k = f - -33. Is k a composite number?
False
Let d(v) be the third derivative of 27*v**4/8 + v**3/6 - v**2. Is d(2) a prime number?
True
Suppose -6 - 4 = 5*n + 5*x, 4 = 3*n + 5*x. Let i = n + 5. Let l(y) = -83*y - 3. Is l(i) a prime number?
True
Let r(o) = -52*o**3 - 3*o**2 + 2*o + 7. Is r(-2) a prime number?
False
Suppose -4*w - 3118 = 5*l, 0 = 3*l - 4*w - 110 + 1968. Let r be l/(-8) + (-4)/(-16). Let d = r - -71. Is d composite?
False
Is (95/2)/((-8)/(-16)) a prime number?
False
Let n = 31 - 55. Let r be (n/10)/((-7)/35). Is 3/r - (-342)/8 composite?
False
Let r = 142 + -13. Is r prime?
False
Let f = 423 + -158. Suppose 5*c + 2*y - 28 = 0, 5*c - 4*c = 5*y - 16. Suppose f = j + c*j. Is j composite?
False
Let o = 1638 - 435. Is o a prime number?
False
Let g(m) = m**3 - 10*m**2 + 11*m - 22. Let b be g(9). Is -253*((0 - -3) + b) composite?
True
Let k = 7 - -79. Suppose 0*r + 5*r = 5. Is k + r/(-1) + -2 composite?
False
Suppose 2*t + 2*w = 14, 5*w - 10 - 3 = -3*t. Suppose -5*z + 2 = 2*a - a, -5*z - 32 = -a. Suppose -q + t = 5*s - a, 2 = -2*s. Is q a prime number?
False
Let s = -301 - -435. Is s a composite number?
True
Suppose 4*s = -318 + 78. Let c = -5 - s. Is c composite?
True
Suppose 22808 = w + 3*w. Is w/14 + 10/(-35) a prime number?
False
Let g be 1/4 + (-114)/(-24). Let y(m) = 2*m**3 - 5*m**2 + m + 2. Let h be y(g). Let r = -75 + h. Is r a prime number?
False
Let x(o) = o**3 + 8*o**2 + 6*o - 7. Let l be x(-7). Suppose l = -p - p + 422. Is p a prime number?
True
Suppose 4*p - 2*c = 18, 0*p - 3*p + 2*c + 16 = 0. Suppose -5*h + a = -49, p*h + 4 - 6 = -4*a. Is h a composite number?
True
Suppose w + 2721 = 4*w. Is w a composite number?
False
Suppose 9*j - 2303 = 982. Is j a prime number?
False
Let a(y) = y**2 + 8*y - 6. Let o = 8 - 17. Let b be a(o). Suppose s = b*s - 52. Is s prime?
False
Let i(m) = 238*m + 11. Is i(6) a composite number?
False
Suppose -v - h + 6 = 0, 19 = 3*v + 4*h - 2*h. Let k = v + 3. Is k a prime number?
False
Let p be ((-4)/7)/((-2)/7). Suppose 5 - 301 = -p*u. Let c = u + -57. Is c a prime number?
False
Let p = 25 + 10. Is p prime?
False
Suppose 5*u + 4*k - 45 = 0, -3*u + 2*k - 6*k + 27 = 0. Suppose 12 + u = x. Is x a prime number?
False
Let w = -180 - 216. Let m = -237 - w. Is m composite?
True
Let w = -1 - -4. Let o(u) = -11*u + 1. Let a be o(w). Let i = 67 + a. Is i a prime number?
False
Is (0 + 1)/(5*(-4)/(-23720)) a prime number?
False
Let y(s) = -3*s**3 - 3*s**2 + 2*s - 3. Let v = -1 - -3. Let u be y(v). Let a = u - -130. Is a a prime number?
False
Let z = 409 - 150. Is z a composite number?
True
Suppose -3*j + m + 9 = 21, 0 = -m. Is (-184)/(-2) + (j - -3) a composite number?
True
Suppose -k = 4*k - 15. Let i(q) = -q**2 + q + 1. Let t(u) = -u**2 + 4*u + 1. Let n(m) = -2*i(m) + t(m). Is n(k) a prime number?
False
Suppose -13*r = -8*r - 545. Is r a prime number?
True
Suppose 1 = -2*l + 9. Is 734/l - 7/14 a prime number?
False
Suppose -3*b = -3*s - 15, -5*b + 11 = 3*s - s. Suppose -5*z + 97 = 5*y - y, b*y - 36 = -2*z. Is z a composite number?
True
Let r(n) = 3*n - 1. Let y be 9 - (-2)/(4/(-2)). Is r(y) a composite number?
False
Suppose 4*x - 768 = 4*o, -2*o = 3*x - 325 - 226. Is x a composite number?
True
Suppose -4*o + b - 231 = 0, -4*o + 9*o - 2*b = -285. Let m = o - -456. Is m prime?
True
Let k(m) be the first derivative of -m**4/4 + 3*m**3 - 5*m**2/2 - 7*m - 5. Is k(6) prime?
True
Let b(t) = 109*t**3 + t**2 - 1. Let v be b(1). Let y = 156 - v. Is y a composite number?
False
Suppose -3*l - 4*t = -6*l + 27, 0 = 4*t + 12. Let h = l - 2. Is ((-1)/3)/(h/(-477)) a composite number?
False
Let a(b) = b**3 - 7*b**2 - 9*b + 8. Let d be a(8). Suppose x + x - 610 = d. Is x prime?
False
Let w(a) = a**3 - 7*a**2 + a - 10. Let b be w(7). Is 23 - (0 - 3 - b) composite?
False
Suppose 4*t - 53 = 91. Suppose -3*l = -t - 69. Is l a composite number?
True
Let p be (0 + -1)/1 - -35. Let t = p - 19. Is t a composite number?
True
Let w(t) = 5*t**3 + 4*t**2 + 17*t + 6. Let d(k) = -3*k**3 - 2*k**2 - 9*k - 3. Let q(o) = 7*d(o) + 4*w(o). Is q(-4) composite?
False
Let i = -5 - -6. Is (-1)/(1/i) - -96 prime?
False
Is (-4524)/(-18) - 2/6 a prime number?
True
Is 78*(1 + 0) + 1 composite?
False
Let z = 241 + 173. Let y = z + -265. Is y prime?
True
Suppose -1224 = -2*c + 550. Is c a composite number?
False
Let a be (5/4 - 1)/((-83)/(-664)). Suppose 5*v - 33 - 1 = -4*k, 2*v + k - 13 = 0. Suppose q = -j + 4*q + 22, -a*q = v. Is j a prime number?
True
Suppose 0 = 21*i - 18*i - 1131. Is i prime?
False
Suppose 99*j - 94*j = 4445. Is j a prime number?
False
Suppose 4*f + 9 = 3*k - 0*f, -9 = 3*f. Let b be (-2 - k)/(3/75). Let o = b + 56. Is o composite?
False
Let q(n) = 5*n**3 + 2*n**2 + 5*n + 1. Is q(4) a prime number?
True
Let b = 23 - 16. Let j(u) = 2*u**2 - b + u + u**3 + 6 - 4*u. Is j(3) prime?
False
Let q be (-2)/(-5) + 116/10. Suppose 3*p + 0 = q. Suppose -4*n + 6*n + 72 = 4*b, -3*b + p*n = -49. Is b prime?
True
Suppose -7*v + 2*v = 0. Suppose w - 16 = -2*w - n, -4*w + 3*n + 30 = v. Is w a composite number?
True
Let z(f) = -5*f + 5. Is z(-6) composite?
True
Let m(j) = 21*j**2 - 6*j - 1. Is m(6) a composite number?
False
Suppose 4*r - 235 = -o, 5*r + 877 = 6*o - 2*o. Let j = 384 - o. Is j a p